{"id":1832,"date":"2023-02-20T18:25:16","date_gmt":"2023-02-20T18:25:16","guid":{"rendered":"https:\/\/alphasteamair3s.com\/?post_type=product&#038;p=1832"},"modified":"2023-02-20T18:25:19","modified_gmt":"2023-02-20T18:25:19","slug":"vannes-instrumentation-inox-316-series-sbv210","status":"publish","type":"product","link":"https:\/\/alphasteamair3s.com\/index.php\/produit\/vannes-instrumentation-inox-316-series-sbv210\/","title":{"rendered":"VANNES INSTRUMENTATION INOX 316 SERIES SBV210"},"content":{"rendered":"<p>CARACT\u00c9RISTIQUES:<\/p>\n<ul>\n<li>Corps et balle: Acier inoxydable AISI 316 (Laiton sur demande).<\/li>\n<li>Articulations tige et si\u00e8ge: PTFE.<\/li>\n<li>Rondelles de tige: Acier inoxydable AISI 304.<\/li>\n<li>Poign\u00e9e \u00ab\u00a0Papillon\u00a0\u00bb: Zinc nickel\u00e9.<\/li>\n<li>Configuration: Bidirectionnel.<\/li>\n<li>Pression de service : 69 bar (\u00e0 21\u00baC).<\/li>\n<\/ul>\n<p>APPLICATIONS:<\/p>\n<ul>\n<li>Lignes d\u2019air dans l\u2019instrumentation.<\/li>\n<li>Installations de services industriels.<\/li>\n<li>Lignes d\u2019instrumentation haute pression.<\/li>\n<li>Secteur p\u00e9trochimique.<\/li>\n<\/ul>\n<p>PRODUIT:<\/p>\n<ul>\n<li>Haute pr\u00e9cision de fermeture.<\/li>\n<li>Conception compacte.<\/li>\n<li>Vari\u00e9t\u00e9 de configurations. (Demandez-nous d\u2019autres mesures et r\u00e9siliations).<\/li>\n<\/ul>\n<p>&nbsp;<\/p>\n<h6><em>&#8211; Vanne \u00e0 aiguille, soupapes de d\u00e9charge proportionnelles, clapet anti-retour, collecteurs d\u2019instrumentation et filtres. Produits ultra \u00e9lev\u00e9s, tuyaux, vannes de dosage, basse pression, vannes \u00e0 haut manom\u00e8tre moyenne pression vannes de blocage, vannes de purge, vannes \u00e0 globe vannes de purgue &#8211;<\/em><\/h6>\n","protected":false},"excerpt":{"rendered":"<p>CARACT\u00c9RISTIQUES: Corps et balle: Acier inoxydable AISI 316 (Laiton sur demande). Articulations tige et si\u00e8ge: PTFE. Rondelles de tige: Acier inoxydable AISI 304. Poign\u00e9e \u00ab\u00a0Papillon\u00a0\u00bb: Zinc nickel\u00e9. Configuration: Bidirectionnel. Pression de service : 69 bar (\u00e0 21\u00baC). APPLICATIONS: Lignes d\u2019air dans l\u2019instrumentation. Installations de services industriels. Lignes d\u2019instrumentation haute pression. Secteur p\u00e9trochimique. PRODUIT: Haute pr\u00e9cision [&hellip;]<\/p>\n","protected":false},"featured_media":1861,"template":"","meta":{"content-type":"","ocean_post_layout":"","ocean_both_sidebars_style":"","ocean_both_sidebars_content_width":0,"ocean_both_sidebars_sidebars_width":0,"ocean_sidebar":"0","ocean_second_sidebar":"0","ocean_disable_margins":"enable","ocean_add_body_class":"","ocean_shortcode_before_top_bar":"","ocean_shortcode_after_top_bar":"","ocean_shortcode_before_header":"","ocean_shortcode_after_header":"","ocean_has_shortcode":"","ocean_shortcode_after_title":"","ocean_shortcode_before_footer_widgets":"","ocean_shortcode_after_footer_widgets":"","ocean_shortcode_before_footer_bottom":"","ocean_shortcode_after_footer_bottom":"","ocean_display_top_bar":"default","ocean_display_header":"default","ocean_header_style":"","ocean_center_header_left_menu":"0","ocean_custom_header_template":"0","ocean_custom_logo":0,"ocean_custom_retina_logo":0,"ocean_custom_logo_max_width":0,"ocean_custom_logo_tablet_max_width":0,"ocean_custom_logo_mobile_max_width":0,"ocean_custom_logo_max_height":0,"ocean_custom_logo_tablet_max_height":0,"ocean_custom_logo_mobile_max_height":0,"ocean_header_custom_menu":"0","ocean_menu_typo_font_family":"0","ocean_menu_typo_font_subset":"","ocean_menu_typo_font_size":0,"ocean_menu_typo_font_size_tablet":0,"ocean_menu_typo_font_size_mobile":0,"ocean_menu_typo_font_size_unit":"px","ocean_menu_typo_font_weight":"","ocean_menu_typo_font_weight_tablet":"","ocean_menu_typo_font_weight_mobile":"","ocean_menu_typo_transform":"","ocean_menu_typo_transform_tablet":"","ocean_menu_typo_transform_mobile":"","ocean_menu_typo_line_height":0,"ocean_menu_typo_line_height_tablet":0,"ocean_menu_typo_line_height_mobile":0,"ocean_menu_typo_line_height_unit":"","ocean_menu_typo_spacing":0,"ocean_menu_typo_spacing_tablet":0,"ocean_menu_typo_spacing_mobile":0,"ocean_menu_typo_spacing_unit":"","ocean_menu_link_color":"","ocean_menu_link_color_hover":"","ocean_menu_link_color_active":"","ocean_menu_link_background":"","ocean_menu_link_hover_background":"","ocean_menu_link_active_background":"","ocean_menu_social_links_bg":"","ocean_menu_social_hover_links_bg":"","ocean_menu_social_links_color":"","ocean_menu_social_hover_links_color":"","ocean_disable_title":"default","ocean_disable_heading":"default","ocean_post_title":"","ocean_post_subheading":"","ocean_post_title_style":"","ocean_post_title_background_color":"","ocean_post_title_background":0,"ocean_post_title_bg_image_position":"","ocean_post_title_bg_image_attachment":"","ocean_post_title_bg_image_repeat":"","ocean_post_title_bg_image_size":"","ocean_post_title_height":0,"ocean_post_title_bg_overlay":0.5,"ocean_post_title_bg_overlay_color":"","ocean_disable_breadcrumbs":"default","ocean_breadcrumbs_color":"","ocean_breadcrumbs_separator_color":"","ocean_breadcrumbs_links_color":"","ocean_breadcrumbs_links_hover_color":"","ocean_display_footer_widgets":"default","ocean_display_footer_bottom":"default","ocean_custom_footer_template":"0"},"product_cat":[53],"product_tag":[],"class_list":{"0":"post-1832","1":"product","2":"type-product","3":"status-publish","4":"has-post-thumbnail","6":"product_cat-instrumentation","8":"entry","9":"has-media","11":"first","12":"instock","13":"shipping-taxable","14":"product-type-simple","15":"has-product-nav","16":"col","17":"span_1_of_3","18":"owp-content-center","19":"owp-thumbs-layout-horizontal","20":"owp-btn-normal","21":"owp-tabs-layout-horizontal","22":"has-no-thumbnails"},"_links":{"self":[{"href":"https:\/\/alphasteamair3s.com\/index.php\/wp-json\/wp\/v2\/product\/1832","targetHints":{"allow":["GET"]}}],"collection":[{"href":"https:\/\/alphasteamair3s.com\/index.php\/wp-json\/wp\/v2\/product"}],"about":[{"href":"https:\/\/alphasteamair3s.com\/index.php\/wp-json\/wp\/v2\/types\/product"}],"wp:featuredmedia":[{"embeddable":true,"href":"https:\/\/alphasteamair3s.com\/index.php\/wp-json\/wp\/v2\/media\/1861"}],"wp:attachment":[{"href":"https:\/\/alphasteamair3s.com\/index.php\/wp-json\/wp\/v2\/media?parent=1832"}],"wp:term":[{"taxonomy":"product_cat","embeddable":true,"href":"https:\/\/alphasteamair3s.com\/index.php\/wp-json\/wp\/v2\/product_cat?post=1832"},{"taxonomy":"product_tag","embeddable":true,"href":"https:\/\/alphasteamair3s.com\/index.php\/wp-json\/wp\/v2\/product_tag?post=1832"}],"curies":[{"name":"wp","href":"https:\/\/api.w.org\/{rel}","templated":true}]}}