{"id":1796,"date":"2023-02-20T18:24:59","date_gmt":"2023-02-20T18:24:59","guid":{"rendered":"https:\/\/alphasteamair3s.com\/?post_type=product&#038;p=1796"},"modified":"2023-02-20T18:25:11","modified_gmt":"2023-02-20T18:25:11","slug":"manometres-secs-double-echelle-bar-psi-2","status":"publish","type":"product","link":"https:\/\/alphasteamair3s.com\/index.php\/produit\/manometres-secs-double-echelle-bar-psi-2\/","title":{"rendered":"MANOM\u00c8TRES SECS DOUBLE \u00c9CHELLE BAR\/PSI"},"content":{"rendered":"<p>MAT\u00c9RIAUX:<\/p>\n<ul>\n<li>Bo\u00eetier: plastique ABS noir.<\/li>\n<li>Fen\u00eatre: plastique acrylique.<\/li>\n<li>Tube bourdon : alliage de cuivre.<\/li>\n<li>Connexion et mouvement: laiton.<\/li>\n<\/ul>\n<p>CARACT\u00c9RISTIQUES:<\/p>\n<ul>\n<li>Temp\u00e9rature : -20\u00baC \u00e0 +60\u00baC.<\/li>\n<li>Fils: BSP conique.<\/li>\n<li>\u00c9chelle: bar \/ psi<\/li>\n<li>Pr\u00e9cision Diam.50: 2.5%<\/li>\n<\/ul>\n<p>APPLICATIONS:<\/p>\n<ul>\n<li>Air comprim\u00e9.<\/li>\n<li>Gaz et liquides compatibles.<\/li>\n<li>Vide.<\/li>\n<\/ul>\n<p>NORME:<\/p>\n<ul>\n<li>Directive europ\u00e9enne 97\/23\/CE.<\/li>\n<li>DANS 837-1<\/li>\n<li>DANS 837-3<\/li>\n<\/ul>\n<p>&nbsp;<\/p>\n<h6><em>&#8211; Manom\u00e8tres capteurs de pression capteurs de pression capteurs de temp\u00e9rature s\u00e9parateur joint &#8211;<\/em><\/h6>\n","protected":false},"excerpt":{"rendered":"<p>MAT\u00c9RIAUX: Bo\u00eetier: plastique ABS noir. Fen\u00eatre: plastique acrylique. Tube bourdon : alliage de cuivre. Connexion et mouvement: laiton. CARACT\u00c9RISTIQUES: Temp\u00e9rature : -20\u00baC \u00e0 +60\u00baC. Fils: BSP conique. \u00c9chelle: bar \/ psi Pr\u00e9cision Diam.50: 2.5% APPLICATIONS: Air comprim\u00e9. Gaz et liquides compatibles. Vide. NORME: Directive europ\u00e9enne 97\/23\/CE. DANS 837-1 DANS 837-3 &nbsp; &#8211; Manom\u00e8tres capteurs de [&hellip;]<\/p>\n","protected":false},"featured_media":1824,"template":"","meta":{"content-type":"","ocean_post_layout":"","ocean_both_sidebars_style":"","ocean_both_sidebars_content_width":0,"ocean_both_sidebars_sidebars_width":0,"ocean_sidebar":"0","ocean_second_sidebar":"0","ocean_disable_margins":"enable","ocean_add_body_class":"","ocean_shortcode_before_top_bar":"","ocean_shortcode_after_top_bar":"","ocean_shortcode_before_header":"","ocean_shortcode_after_header":"","ocean_has_shortcode":"","ocean_shortcode_after_title":"","ocean_shortcode_before_footer_widgets":"","ocean_shortcode_after_footer_widgets":"","ocean_shortcode_before_footer_bottom":"","ocean_shortcode_after_footer_bottom":"","ocean_display_top_bar":"default","ocean_display_header":"default","ocean_header_style":"","ocean_center_header_left_menu":"0","ocean_custom_header_template":"0","ocean_custom_logo":0,"ocean_custom_retina_logo":0,"ocean_custom_logo_max_width":0,"ocean_custom_logo_tablet_max_width":0,"ocean_custom_logo_mobile_max_width":0,"ocean_custom_logo_max_height":0,"ocean_custom_logo_tablet_max_height":0,"ocean_custom_logo_mobile_max_height":0,"ocean_header_custom_menu":"0","ocean_menu_typo_font_family":"0","ocean_menu_typo_font_subset":"","ocean_menu_typo_font_size":0,"ocean_menu_typo_font_size_tablet":0,"ocean_menu_typo_font_size_mobile":0,"ocean_menu_typo_font_size_unit":"px","ocean_menu_typo_font_weight":"","ocean_menu_typo_font_weight_tablet":"","ocean_menu_typo_font_weight_mobile":"","ocean_menu_typo_transform":"","ocean_menu_typo_transform_tablet":"","ocean_menu_typo_transform_mobile":"","ocean_menu_typo_line_height":0,"ocean_menu_typo_line_height_tablet":0,"ocean_menu_typo_line_height_mobile":0,"ocean_menu_typo_line_height_unit":"","ocean_menu_typo_spacing":0,"ocean_menu_typo_spacing_tablet":0,"ocean_menu_typo_spacing_mobile":0,"ocean_menu_typo_spacing_unit":"","ocean_menu_link_color":"","ocean_menu_link_color_hover":"","ocean_menu_link_color_active":"","ocean_menu_link_background":"","ocean_menu_link_hover_background":"","ocean_menu_link_active_background":"","ocean_menu_social_links_bg":"","ocean_menu_social_hover_links_bg":"","ocean_menu_social_links_color":"","ocean_menu_social_hover_links_color":"","ocean_disable_title":"default","ocean_disable_heading":"default","ocean_post_title":"","ocean_post_subheading":"","ocean_post_title_style":"","ocean_post_title_background_color":"","ocean_post_title_background":0,"ocean_post_title_bg_image_position":"","ocean_post_title_bg_image_attachment":"","ocean_post_title_bg_image_repeat":"","ocean_post_title_bg_image_size":"","ocean_post_title_height":0,"ocean_post_title_bg_overlay":0.5,"ocean_post_title_bg_overlay_color":"","ocean_disable_breadcrumbs":"default","ocean_breadcrumbs_color":"","ocean_breadcrumbs_separator_color":"","ocean_breadcrumbs_links_color":"","ocean_breadcrumbs_links_hover_color":"","ocean_display_footer_widgets":"default","ocean_display_footer_bottom":"default","ocean_custom_footer_template":"0"},"product_cat":[52],"product_tag":[],"class_list":{"0":"post-1796","1":"product","2":"type-product","3":"status-publish","4":"has-post-thumbnail","6":"product_cat-groupes-de-filtres","8":"entry","9":"has-media","11":"first","12":"instock","13":"shipping-taxable","14":"product-type-simple","15":"has-product-nav","16":"col","17":"span_1_of_3","18":"owp-content-center","19":"owp-thumbs-layout-horizontal","20":"owp-btn-normal","21":"owp-tabs-layout-horizontal","22":"has-no-thumbnails"},"_links":{"self":[{"href":"https:\/\/alphasteamair3s.com\/index.php\/wp-json\/wp\/v2\/product\/1796","targetHints":{"allow":["GET"]}}],"collection":[{"href":"https:\/\/alphasteamair3s.com\/index.php\/wp-json\/wp\/v2\/product"}],"about":[{"href":"https:\/\/alphasteamair3s.com\/index.php\/wp-json\/wp\/v2\/types\/product"}],"wp:featuredmedia":[{"embeddable":true,"href":"https:\/\/alphasteamair3s.com\/index.php\/wp-json\/wp\/v2\/media\/1824"}],"wp:attachment":[{"href":"https:\/\/alphasteamair3s.com\/index.php\/wp-json\/wp\/v2\/media?parent=1796"}],"wp:term":[{"taxonomy":"product_cat","embeddable":true,"href":"https:\/\/alphasteamair3s.com\/index.php\/wp-json\/wp\/v2\/product_cat?post=1796"},{"taxonomy":"product_tag","embeddable":true,"href":"https:\/\/alphasteamair3s.com\/index.php\/wp-json\/wp\/v2\/product_tag?post=1796"}],"curies":[{"name":"wp","href":"https:\/\/api.w.org\/{rel}","templated":true}]}}